{"id":476,"date":"2024-03-28T18:22:24","date_gmt":"2024-03-28T18:22:24","guid":{"rendered":"https:\/\/ingo-va.no\/?page_id=476"},"modified":"2024-10-05T07:04:30","modified_gmt":"2024-10-05T07:04:30","slug":"universalt-stigeoppheng","status":"publish","type":"page","link":"https:\/\/ingo-va.no\/index.php\/universalt-stigeoppheng\/","title":{"rendered":"Universalt stigeoppheng"},"content":{"rendered":"\n<p>Stigeopphenget benyttes sammen med IN-GO ringen og stigen. <br>Denne benyttes for nedstigning og evakuering i vann- og avl\u00f8pskum.<\/p>\n\n\n\n<figure class=\"wp-block-image size-large is-resized\"><img loading=\"lazy\" decoding=\"async\" width=\"1024\" height=\"1024\" src=\"https:\/\/ingo-va.no\/wp-content\/uploads\/2024\/03\/Stotte_kvadrat_ny-1024x1024.png\" alt=\"\" class=\"wp-image-560\" style=\"width:450px;height:auto\" srcset=\"https:\/\/ingo-va.no\/wp-content\/uploads\/2024\/03\/Stotte_kvadrat_ny-1024x1024.png 1024w, https:\/\/ingo-va.no\/wp-content\/uploads\/2024\/03\/Stotte_kvadrat_ny-300x300.png 300w, https:\/\/ingo-va.no\/wp-content\/uploads\/2024\/03\/Stotte_kvadrat_ny-150x150.png 150w, https:\/\/ingo-va.no\/wp-content\/uploads\/2024\/03\/Stotte_kvadrat_ny-768x768.png 768w, https:\/\/ingo-va.no\/wp-content\/uploads\/2024\/03\/Stotte_kvadrat_ny-1536x1536.png 1536w, https:\/\/ingo-va.no\/wp-content\/uploads\/2024\/03\/Stotte_kvadrat_ny-2048x2048.png 2048w\" sizes=\"auto, (max-width: 1024px) 100vw, 1024px\" \/><\/figure>\n\n\n\n<div style=\"height:30px\" aria-hidden=\"true\" class=\"wp-block-spacer\"><\/div>\n\n\n\n<div class=\"wp-block-buttons is-layout-flex wp-block-buttons-is-layout-flex\">\n<div class=\"wp-block-button is-style-primary\"><a class=\"wp-block-button__link wp-element-button\" href=\"https:\/\/ingo-va.no\/wp-content\/uploads\/2024\/05\/Universalt_stigeoppheng_detaljer-1.pdf\">Klikk her for \u00e5 se mer detaljer<\/a><\/div>\n<\/div>\n\n\n\n<div style=\"height:30px\" aria-hidden=\"true\" class=\"wp-block-spacer\"><\/div>\n\n\n\n<p>Se datablad for m\u00e5langivelser samt tekniske data:<\/p>\n\n\n\n<div class=\"wp-block-buttons is-layout-flex wp-block-buttons-is-layout-flex\">\n<div class=\"wp-block-button is-style-primary\"><a class=\"wp-block-button__link wp-element-button\" href=\"https:\/\/ingo-va.no\/wp-content\/uploads\/2024\/10\/Datablad-Universalt-stigeoppheng-red.-05.10.24pdf.pdf\" target=\"_blank\" rel=\"noreferrer noopener\">Last ned datablad<\/a><\/div>\n<\/div>\n\n\n\n<div style=\"height:30px\" aria-hidden=\"true\" class=\"wp-block-spacer\"><\/div>\n\n\n\n<div class=\"wp-block-buttons is-layout-flex wp-block-buttons-is-layout-flex\">\n<div class=\"wp-block-button is-style-primary\"><a class=\"wp-block-button__link wp-element-button\" href=\"https:\/\/ingo-va.no\/wp-content\/uploads\/2024\/04\/FEM-analyse-universal-oppheng.jpg\">Last ned FEM-analyse<\/a><\/div>\n<\/div>\n\n\n\n<div style=\"height:38px\" aria-hidden=\"true\" class=\"wp-block-spacer\"><\/div>\n\n\n\n<p><strong>Ta kontakt med oss dersom du har sp\u00f8rsm\u00e5l til produktet eller legg igjen en bestilling via v\u00e5rt kontaktskjema her:<\/strong> <a href=\"https:\/\/ingo-va.no\/index.php\/15c42-web-agency-gb-contact-us\/\" data-type=\"page\" data-id=\"75\">Kontakt<\/a><\/p>\n","protected":false},"excerpt":{"rendered":"<p>Stigeopphenget benyttes sammen med IN-GO ringen og stigen. Denne benyttes for nedstigning og evakuering i vann- og avl\u00f8pskum. Se datablad for m\u00e5langivelser samt tekniske data: Ta kontakt med oss dersom du har sp\u00f8rsm\u00e5l til produktet eller legg igjen en bestilling via v\u00e5rt kontaktskjema her: Kontakt<\/p>\n","protected":false},"author":1,"featured_media":0,"parent":0,"menu_order":0,"comment_status":"closed","ping_status":"closed","template":"","meta":{"_monsterinsights_skip_tracking":false,"_monsterinsights_sitenote_active":false,"_monsterinsights_sitenote_note":"","_monsterinsights_sitenote_category":0,"neve_meta_sidebar":"","neve_meta_container":"","neve_meta_enable_content_width":"","neve_meta_content_width":0,"neve_meta_title_alignment":"","neve_meta_author_avatar":"","neve_post_elements_order":"","neve_meta_disable_header":"","neve_meta_disable_footer":"","neve_meta_disable_title":"","_themeisle_gutenberg_block_has_review":false,"footnotes":""},"class_list":["post-476","page","type-page","status-publish","hentry"],"yoast_head":"<!-- This site is optimized with the Yoast SEO Premium plugin v22.4 (Yoast SEO v26.8) - https:\/\/yoast.com\/product\/yoast-seo-premium-wordpress\/ -->\n<title>Universalt stigeoppheng - IN-GO VA AS<\/title>\n<meta name=\"robots\" content=\"index, follow, max-snippet:-1, max-image-preview:large, max-video-preview:-1\" \/>\n<link rel=\"canonical\" href=\"https:\/\/ingo-va.no\/index.php\/universalt-stigeoppheng\/\" \/>\n<meta property=\"og:locale\" content=\"nb_NO\" \/>\n<meta property=\"og:type\" content=\"article\" \/>\n<meta property=\"og:title\" content=\"Universalt stigeoppheng\" \/>\n<meta property=\"og:description\" content=\"Stigeopphenget benyttes sammen med IN-GO ringen og stigen. Denne benyttes for nedstigning og evakuering i vann- og avl\u00f8pskum. Se datablad for m\u00e5langivelser samt tekniske data: Ta kontakt med oss dersom du har sp\u00f8rsm\u00e5l til produktet eller legg igjen en bestilling via v\u00e5rt kontaktskjema her: Kontakt\" \/>\n<meta property=\"og:url\" content=\"https:\/\/ingo-va.no\/index.php\/universalt-stigeoppheng\/\" \/>\n<meta property=\"og:site_name\" content=\"IN-GO VA AS\" \/>\n<meta property=\"article:modified_time\" content=\"2024-10-05T07:04:30+00:00\" \/>\n<meta property=\"og:image\" content=\"https:\/\/ingo-va.no\/wp-content\/uploads\/2024\/03\/Stotte_kvadrat_ny-1024x1024.png\" \/>\n<meta name=\"twitter:card\" content=\"summary_large_image\" \/>\n<meta name=\"twitter:label1\" content=\"Ansl. lesetid\" \/>\n\t<meta name=\"twitter:data1\" content=\"1 minutt\" \/>\n<script type=\"application\/ld+json\" class=\"yoast-schema-graph\">{\"@context\":\"https:\/\/schema.org\",\"@graph\":[{\"@type\":\"WebPage\",\"@id\":\"https:\/\/ingo-va.no\/index.php\/universalt-stigeoppheng\/\",\"url\":\"https:\/\/ingo-va.no\/index.php\/universalt-stigeoppheng\/\",\"name\":\"Universalt stigeoppheng - IN-GO VA AS\",\"isPartOf\":{\"@id\":\"https:\/\/ingo-va.no\/#website\"},\"primaryImageOfPage\":{\"@id\":\"https:\/\/ingo-va.no\/index.php\/universalt-stigeoppheng\/#primaryimage\"},\"image\":{\"@id\":\"https:\/\/ingo-va.no\/index.php\/universalt-stigeoppheng\/#primaryimage\"},\"thumbnailUrl\":\"https:\/\/ingo-va.no\/wp-content\/uploads\/2024\/03\/Stotte_kvadrat_ny-1024x1024.png\",\"datePublished\":\"2024-03-28T18:22:24+00:00\",\"dateModified\":\"2024-10-05T07:04:30+00:00\",\"breadcrumb\":{\"@id\":\"https:\/\/ingo-va.no\/index.php\/universalt-stigeoppheng\/#breadcrumb\"},\"inLanguage\":\"nb-NO\",\"potentialAction\":[{\"@type\":\"ReadAction\",\"target\":[\"https:\/\/ingo-va.no\/index.php\/universalt-stigeoppheng\/\"]}]},{\"@type\":\"ImageObject\",\"inLanguage\":\"nb-NO\",\"@id\":\"https:\/\/ingo-va.no\/index.php\/universalt-stigeoppheng\/#primaryimage\",\"url\":\"https:\/\/ingo-va.no\/wp-content\/uploads\/2024\/03\/Stotte_kvadrat_ny.png\",\"contentUrl\":\"https:\/\/ingo-va.no\/wp-content\/uploads\/2024\/03\/Stotte_kvadrat_ny.png\",\"width\":2813,\"height\":2813},{\"@type\":\"BreadcrumbList\",\"@id\":\"https:\/\/ingo-va.no\/index.php\/universalt-stigeoppheng\/#breadcrumb\",\"itemListElement\":[{\"@type\":\"ListItem\",\"position\":1,\"name\":\"Hjem\",\"item\":\"https:\/\/ingo-va.no\/\"},{\"@type\":\"ListItem\",\"position\":2,\"name\":\"Universalt stigeoppheng\"}]},{\"@type\":\"WebSite\",\"@id\":\"https:\/\/ingo-va.no\/#website\",\"url\":\"https:\/\/ingo-va.no\/\",\"name\":\"In-Go VA AS\",\"description\":\"\",\"publisher\":{\"@id\":\"https:\/\/ingo-va.no\/#organization\"},\"potentialAction\":[{\"@type\":\"SearchAction\",\"target\":{\"@type\":\"EntryPoint\",\"urlTemplate\":\"https:\/\/ingo-va.no\/?s={search_term_string}\"},\"query-input\":{\"@type\":\"PropertyValueSpecification\",\"valueRequired\":true,\"valueName\":\"search_term_string\"}}],\"inLanguage\":\"nb-NO\"},{\"@type\":\"Organization\",\"@id\":\"https:\/\/ingo-va.no\/#organization\",\"name\":\"In-Go VA AS\",\"url\":\"https:\/\/ingo-va.no\/\",\"logo\":{\"@type\":\"ImageObject\",\"inLanguage\":\"nb-NO\",\"@id\":\"https:\/\/ingo-va.no\/#\/schema\/logo\/image\/\",\"url\":\"https:\/\/ingo-va.no\/wp-content\/uploads\/2024\/03\/Logo_uten-ring_bold-1024x306-1.png\",\"contentUrl\":\"https:\/\/ingo-va.no\/wp-content\/uploads\/2024\/03\/Logo_uten-ring_bold-1024x306-1.png\",\"width\":1024,\"height\":306,\"caption\":\"In-Go VA AS\"},\"image\":{\"@id\":\"https:\/\/ingo-va.no\/#\/schema\/logo\/image\/\"}}]}<\/script>\n<!-- \/ Yoast SEO Premium plugin. -->","yoast_head_json":{"title":"Universalt stigeoppheng - IN-GO VA AS","robots":{"index":"index","follow":"follow","max-snippet":"max-snippet:-1","max-image-preview":"max-image-preview:large","max-video-preview":"max-video-preview:-1"},"canonical":"https:\/\/ingo-va.no\/index.php\/universalt-stigeoppheng\/","og_locale":"nb_NO","og_type":"article","og_title":"Universalt stigeoppheng","og_description":"Stigeopphenget benyttes sammen med IN-GO ringen og stigen. Denne benyttes for nedstigning og evakuering i vann- og avl\u00f8pskum. Se datablad for m\u00e5langivelser samt tekniske data: Ta kontakt med oss dersom du har sp\u00f8rsm\u00e5l til produktet eller legg igjen en bestilling via v\u00e5rt kontaktskjema her: Kontakt","og_url":"https:\/\/ingo-va.no\/index.php\/universalt-stigeoppheng\/","og_site_name":"IN-GO VA AS","article_modified_time":"2024-10-05T07:04:30+00:00","og_image":[{"url":"https:\/\/ingo-va.no\/wp-content\/uploads\/2024\/03\/Stotte_kvadrat_ny-1024x1024.png","type":"","width":"","height":""}],"twitter_card":"summary_large_image","twitter_misc":{"Ansl. lesetid":"1 minutt"},"schema":{"@context":"https:\/\/schema.org","@graph":[{"@type":"WebPage","@id":"https:\/\/ingo-va.no\/index.php\/universalt-stigeoppheng\/","url":"https:\/\/ingo-va.no\/index.php\/universalt-stigeoppheng\/","name":"Universalt stigeoppheng - IN-GO VA AS","isPartOf":{"@id":"https:\/\/ingo-va.no\/#website"},"primaryImageOfPage":{"@id":"https:\/\/ingo-va.no\/index.php\/universalt-stigeoppheng\/#primaryimage"},"image":{"@id":"https:\/\/ingo-va.no\/index.php\/universalt-stigeoppheng\/#primaryimage"},"thumbnailUrl":"https:\/\/ingo-va.no\/wp-content\/uploads\/2024\/03\/Stotte_kvadrat_ny-1024x1024.png","datePublished":"2024-03-28T18:22:24+00:00","dateModified":"2024-10-05T07:04:30+00:00","breadcrumb":{"@id":"https:\/\/ingo-va.no\/index.php\/universalt-stigeoppheng\/#breadcrumb"},"inLanguage":"nb-NO","potentialAction":[{"@type":"ReadAction","target":["https:\/\/ingo-va.no\/index.php\/universalt-stigeoppheng\/"]}]},{"@type":"ImageObject","inLanguage":"nb-NO","@id":"https:\/\/ingo-va.no\/index.php\/universalt-stigeoppheng\/#primaryimage","url":"https:\/\/ingo-va.no\/wp-content\/uploads\/2024\/03\/Stotte_kvadrat_ny.png","contentUrl":"https:\/\/ingo-va.no\/wp-content\/uploads\/2024\/03\/Stotte_kvadrat_ny.png","width":2813,"height":2813},{"@type":"BreadcrumbList","@id":"https:\/\/ingo-va.no\/index.php\/universalt-stigeoppheng\/#breadcrumb","itemListElement":[{"@type":"ListItem","position":1,"name":"Hjem","item":"https:\/\/ingo-va.no\/"},{"@type":"ListItem","position":2,"name":"Universalt stigeoppheng"}]},{"@type":"WebSite","@id":"https:\/\/ingo-va.no\/#website","url":"https:\/\/ingo-va.no\/","name":"In-Go VA AS","description":"","publisher":{"@id":"https:\/\/ingo-va.no\/#organization"},"potentialAction":[{"@type":"SearchAction","target":{"@type":"EntryPoint","urlTemplate":"https:\/\/ingo-va.no\/?s={search_term_string}"},"query-input":{"@type":"PropertyValueSpecification","valueRequired":true,"valueName":"search_term_string"}}],"inLanguage":"nb-NO"},{"@type":"Organization","@id":"https:\/\/ingo-va.no\/#organization","name":"In-Go VA AS","url":"https:\/\/ingo-va.no\/","logo":{"@type":"ImageObject","inLanguage":"nb-NO","@id":"https:\/\/ingo-va.no\/#\/schema\/logo\/image\/","url":"https:\/\/ingo-va.no\/wp-content\/uploads\/2024\/03\/Logo_uten-ring_bold-1024x306-1.png","contentUrl":"https:\/\/ingo-va.no\/wp-content\/uploads\/2024\/03\/Logo_uten-ring_bold-1024x306-1.png","width":1024,"height":306,"caption":"In-Go VA AS"},"image":{"@id":"https:\/\/ingo-va.no\/#\/schema\/logo\/image\/"}}]}},"_links":{"self":[{"href":"https:\/\/ingo-va.no\/index.php\/wp-json\/wp\/v2\/pages\/476","targetHints":{"allow":["GET"]}}],"collection":[{"href":"https:\/\/ingo-va.no\/index.php\/wp-json\/wp\/v2\/pages"}],"about":[{"href":"https:\/\/ingo-va.no\/index.php\/wp-json\/wp\/v2\/types\/page"}],"author":[{"embeddable":true,"href":"https:\/\/ingo-va.no\/index.php\/wp-json\/wp\/v2\/users\/1"}],"replies":[{"embeddable":true,"href":"https:\/\/ingo-va.no\/index.php\/wp-json\/wp\/v2\/comments?post=476"}],"version-history":[{"count":26,"href":"https:\/\/ingo-va.no\/index.php\/wp-json\/wp\/v2\/pages\/476\/revisions"}],"predecessor-version":[{"id":864,"href":"https:\/\/ingo-va.no\/index.php\/wp-json\/wp\/v2\/pages\/476\/revisions\/864"}],"wp:attachment":[{"href":"https:\/\/ingo-va.no\/index.php\/wp-json\/wp\/v2\/media?parent=476"}],"curies":[{"name":"wp","href":"https:\/\/api.w.org\/{rel}","templated":true}]}}